common factor of 88 and 1364?
44
What is the highest common factor of 325 and 175?
25
Calculate the greatest common divisor of 2 and 2906.
2
What is the greatest common divisor of 53 and 848?
53
Calculate the highest common divisor of 2006 and 51.
17
Calculate the greatest common divisor of 1134 and 147.
21
What is the greatest common divisor of 48 and 168?
24
Calculate the greatest common factor of 609 and 105.
21
What is the highest common divisor of 400 and 20?
20
What is the greatest common divisor of 7260 and 22?
22
What is the highest common factor of 1352 and 16?
8
Calculate the greatest common divisor of 232 and 174.
58
Calculate the highest common factor of 172 and 430.
86
Calculate the greatest common divisor of 2016 and 28.
28
Calculate the greatest common divisor of 1024 and 10.
2
What is the highest common factor of 960 and 30?
30
What is the highest common divisor of 549 and 504?
9
What is the highest common factor of 27 and 36?
9
Calculate the greatest common divisor of 240 and 2320.
80
Calculate the highest common factor of 261 and 696.
87
Calculate the greatest common divisor of 1992 and 16.
8
What is the highest common divisor of 609 and 261?
87
Calculate the greatest common divisor of 1062 and 9.
9
Calculate the greatest common factor of 103 and 824.
103
What is the highest common factor of 832 and 13?
13
Calculate the highest common divisor of 34 and 527.
17
Calculate the greatest common factor of 135 and 705.
15
What is the highest common factor of 40375 and 85?
85
What is the greatest common divisor of 27 and 27?
27
Calculate the greatest common factor of 2162 and 752.
94
What is the highest common divisor of 20 and 23840?
20
Calculate the greatest common factor of 768 and 1344.
192
What is the highest common factor of 40284 and 36?
36
What is the greatest common divisor of 64 and 1376?
32
What is the highest common divisor of 1665 and 740?
185
Calculate the greatest common factor of 644 and 56.
28
Calculate the greatest common factor of 6403 and 38.
19
What is the highest common factor of 1407 and 63?
21
Calculate the highest common divisor of 300 and 660.
60
What is the greatest common divisor of 6 and 606?
6
What is the highest common factor of 2959 and 11?
11
What is the greatest common factor of 79 and 10033?
79
What is the greatest common divisor of 33 and 1287?
33
Calculate the highest common factor of 685 and 274.
137
Calculate the highest common divisor of 44 and 2266.
22
What is the highest common factor of 10208 and 22?
22
What is the highest common factor of 345 and 1815?
15
Calculate the highest common factor of 77 and 7.
7
What is the highest common factor of 1312 and 1722?
82
Calculate the greatest common divisor of 36 and 117.
9
Calculate the highest common divisor of 1178 and 266.
38
Calculate the highest common factor of 1856 and 256.
64
Calculate the greatest common factor of 34 and 34.
34
What is the greatest common factor of 32 and 2?
2
Calculate the highest common divisor of 148 and 37.
37
What is the greatest common divisor of 11 and 11?
11
What is the highest common factor of 76 and 3629?
19
Calculate the highest common divisor of 688 and 8.
8
What is the highest common factor of 81 and 54?
27
Calculate the greatest common divisor of 31 and 1.
1
Calculate the highest common divisor of 2825 and 113.
113
Calculate the greatest common divisor of 99 and 1221.
33
Calculate the greatest common factor of 924 and 156.
12
What is the greatest common factor of 123 and 2?
1
Calculate the greatest common divisor of 145 and 232.
29
What is the greatest common factor of 28 and 154?
14
What is the highest common factor of 2013 and 122?
61
Calculate the highest common divisor of 133 and 1064.
133
Calculate the highest common factor of 99 and 171.
9
What is the greatest common factor of 70 and 30?
10
Calculate the greatest common divisor of 28 and 15988.
28
Calculate the highest common factor of 901 and 1.
1
What is the highest common divisor of 41157 and 153?
153
What is the greatest common factor of 4 and 90?
2
Calculate the highest common factor of 6086 and 34.
34
What is the greatest common factor of 204 and 48?
12
Calculate the highest common factor of 1617 and 21.
21
Calculate the greatest common divisor of 54 and 1.
1
What is the highest common divisor of 27 and 720?
9
Calculate the greatest common divisor of 95 and 2945.
95
What is the greatest common divisor of 39 and 2496?
39
Calculate the greatest common factor of 6867 and 126.
63
Calculate the greatest common divisor of 637 and 98.
49
What is the greatest common divisor of 46546 and 74?
74
What is the greatest common divisor of 14 and 112?
14
Calculate the greatest common factor of 12 and 978.
6
Calculate the greatest common divisor of 75 and 1475.
25
Calculate the greatest common factor of 2136 and 120.
24
What is the highest common divisor of 4200 and 96?
24
What is the highest common factor of 12 and 369?
3
What is the greatest common divisor of 973 and 14?
7
Calculate the greatest common divisor of 72 and 8544.
24
Calculate the greatest common divisor of 432 and 300.
12
What is the greatest common factor of 2244 and 66?
66
What is the highest common factor of 365 and 73?
73
What is the greatest common divisor of 13 and 117?
13
What is the greatest common divisor of 3132 and 468?
36
What is the greatest common divisor of 697 and 34?
17
What is the greatest common divisor of 108 and 27?
27
Calculate the highest common factor of 9333 and 153.
153
What is the greatest common factor of 11 and 16?
1
Calculate the greatest common factor of 429 and 338.
13
What is the highest common divisor of 100 and 4425?
25
Calculate the highest common divisor of 51 and 425.
17
Calculate the greatest common factor of 21 and 12873.
21
Calculate the highest common divisor of 220 and 1155.
55
What is the greatest common factor of 284 and 1278?
142
Calculate the greatest common factor of 52 and 5876.
52
Calculate the highest common factor of 260 and 78.
26
What is the highest common divisor of 154 and 336?
14
Calculate the highest common factor of 105 and 75.
15
What is the greatest common divisor of 168 and 896?
56
What is the greatest common divisor of 860 and 20?
20
What is the highest common divisor of 126 and 336?
42
What is the highest common divisor of 64 and 17216?
64
What is the greatest common divisor of 110 and 11143?
11
What is the highest common factor of 230 and 368?
46
Calculate the greatest common factor of 242 and 109142.
242
Calculate the greatest common divisor of 168 and 3654.
42
What is the greatest common divisor of 92 and 253?
23
Calculate the highest common factor of 119 and 85.
17
What is the highest common factor of 255 and 935?
85
What is the greatest common divisor of 90 and 18?
18
What is the highest common factor of 4018 and 28?
14
Calculate the greatest common factor of 608 and 3328.
32
What is the highest common divisor of 104 and 65?
13
Calculate the highest common factor of 269 and 1.
1
What is the greatest common factor of 225 and 125?
25
Calculate the greatest common divisor of 152 and 950.
38
Calculate the highest common factor of 119 and 49.
7
Calculate the highest common divisor of 19 and 931.
19
What is the highest common divisor of 2 and 1818?
2
Calculate the greatest common factor of 440 and 410.
10
What is the greatest common factor of 675 and 75?
75
Calculate the highest common factor of 34 and 8126.
34
Calculate the greatest common divisor of 390 and 930.
30
What is the highest common divisor of 116 and 2204?
116
What is the highest common divisor of 1130 and 13447?
113
What is the greatest common factor of 16 and 1264?
16
What is the greatest common divisor of 14 and 1561?
7
What is the highest common divisor of 10894 and 52?
26
What is the highest common factor of 7 and 343?
7
Calculate the highest common divisor of 12 and 708.
12
What is the highest common factor of 172 and 1376?
172
What is the highest common divisor of 15392 and 13?
13
Calculate the greatest common divisor of 480 and 840.
120
Calculate the greatest common divisor of 1131 and 39.
39
What is the highest common factor of 1 and 1931?
1
Calculate the highest common divisor of 1476 and 288.
36
Calculate the highest common factor of 5474 and 23.
23
What is the 